b - 7/120*b**6 + 0 + 0*b**3 + 1/24*b**4 - 7*b**2 + 1/30*b**5. Give u(o).
8
Let n(t) = -t**2 + 6*t + 19. Let z be n(8). Let j(v) = 5*v**2 - 1 + 76*v - 77*v + z*v**2. Determine j(-1).
8
Suppose -4*l - 5*b + 2*b = 16, -2*l - 5*b - 22 = 0. Let i(c) = 2*c**2 - c. What is i(l)?
3
Let l(o) = 8*o + 8. Let m(c) = -7*c - 6. Let x(d) = -3*l(d) - 4*m(d). Let y(t) = -23*t + 1. Let a(k) = -34*x(k) - 6*y(k). Determine a(10).
14
Let k(f) be the third derivative of f**8/20160 + f**7/1008 - f**6/720 - f**5/12 + 7*f**2. Let p(r) be the third derivative of k(r). Determine p(-6).
5
Let a(p) = p - 1. Suppose w = -2*z + 2*w + 9, 4*z = 5*w + 15. Suppose 3*n + z*c - 282 = 0, -5*c - 186 = -2*n + 27. Let x be 150/22 - (-18)/n. Calculate a(x).
6
Let q(b) = b - 9. Suppose -4*w - 2*f - 2*f + 20 = 0, -3*w + 45 = -3*f. Let h be q(w). Let u(i) = 0*i + 4*i**2 - 2*i**2 - h + 2*i - 11*i**2. What is u(1)?
-8
Let k(r) be the second derivative of r**5/40 - 25*r**3/6 - 46*r. Let a(z) be the second derivative of k(z). Give a(-2).
-6
Let p be (-5)/4 - 4/(-16). Let l be 0/(p + 10/5). Let c(o) = -o**2 + 14. Give c(l).
14
Let o = -4 - -7. Suppose -h + 4*h = 3*v + 3, -3*h + 8 = 2*v. Suppose -n - x = -o*n - 17, -n = h*x + 1. Let m(w) = w**3 + 7*w**2 - w - 9. Calculate m(n).
-2
Suppose -2 = 8*n - 3*n - 3*l, -3*n + 14 = 2*l. Let s(u) = 0*u**2 - 13 + u**2 - n*u**2. Determine s(0).
-13
Let i(n) = 33*n + 169. Let k be i(-5). Let c(x) = -x**3 + 4*x**2 + 6*x - 3. Determine c(k).
21
Let t(l) = -l - 3. Let u be t(-6). Let z be u - 2 - (2 - 4). Let r(i) = i + 2 - 3*i**2 - 1 + 0*i**z - i**3. What is r(-3)?
-2
Let d(r) = -r**2 - 5*r - 2. Let y be d(-4). Suppose 5 = -y*t - 1. Let q(v) = 8*v - 1. Let h(o) = 7*o. Let x(k) = -h(k) + q(k). Calculate x(t).
-4
Let k(l) = -5*l**2 + l - 1. Let a(c) = -c**2. Let v(u) = -2*a(u) + k(u). Calculate v(-2).
-15
Let n(a) = -5*a**2 - 2*a + 22 - 26*a**3 + 27*a**3 - 27. Calculate n(5).
-15
Let a(j) = -j**3 + 9*j**2 - 11*j + 12. Let k(l) = 3*l - 13. Let o be k(7). What is a(o)?
-12
Let s be (-2*2)/(-2 + 3). Let d be (-6)/4 - 18/(-4). Let z(r) = 1 + d*r - 5 + 2*r**2 - 6*r**2 + 5*r**2. What is z(s)?
0
Let z be ((-69)/(-437))/(3/57). Let f(o) = 9*o - 9. Calculate f(z).
18
Let n = 13 + -16. Let k be n/9*(-42 - 3). Suppose 2*h - 4*b = -14 - 10, b = 5*h + k. Let i(l) = -6*l - 3. Calculate i(h).
9
Suppose 2*u + 0*m = 2*m - 8, 10 = -2*m. Let q be -9*(-2 + (-24)/u). Let x(h) be the third derivative of h**4/24 + 5*h**3/6 - 3*h**2. Give x(q).
-1
Let c(b) be the first derivative of b**4/4 - b**2 - 59*b - 1057. Determine c(0).
-59
Suppose -30 = 7*v - 12*v. Let m(n) = 8*n**2 - 8*n - 2. Let j(g) = 17*g**2 - 16*g - 4. Let f(d) = 6*j(d) - 13*m(d). Determine f(v).
-22
Suppose 12*t - 84 = -2*t. Let x be (1 + (-3)/12)/(t/40). Let k(o) = 3 - 4 - 5*o - 5 + o**2. Give k(x).
-6
Let v be (0*(-1)/3)/1. Suppose 5*a + 1 = c + 11, c - 6 = -3*a. Let p(s) = 4 + 0 - s - 2 + a. What is p(v)?
4
Let k(h) = -h**3 - 8*h**2 - 5*h + 7. Suppose 2*t + b - 2 = 0, 2*b = -4*t - 2*b. Let n be t/5 - (-42)/70. Let y = -8 + n. What is k(y)?
-7
Let d(j) be the third derivative of -j**5/30 + 9*j**4/8 - 7*j**3/3 - 5*j**2 - 35*j. Calculate d(13).
-1
Let k(c) = -8*c**2 - 3*c - 2. Let b = 734 + -735. Determine k(b).
-7
Suppose -4*w = -0*c - c - 87, 3*w - 57 = -2*c. Let p(h) = 52*h - 12 + 0 - w*h - 28*h. Give p(8).
12
Let r = 40 + -34. Let t(y) = -2*y**2 - 10*y + 7. Let h(m) = -5*m**2 - 29*m + 21. Let k(c) = 3*h(c) - 8*t(c). What is k(r)?
1
Let x(c) = -c**2 + 10*c + 3. Let m be x(10). Let p(a) = -a**3 + 4*a + a**m - 3 - 5*a**2 + a**3. Let y = -2 + 6. Give p(y).
-3
Let a be ((-6)/7)/(3/(-1743)). Let u(y) = -498 - 2*y + a. Calculate u(1).
-2
Let y(v) be the second derivative of v**3/2 + v. Let l = 654 + -653. Let q be y(l). Let z(h) = h - 1. Calculate z(q).
2
Let d(k) = -9 - 4*k**2 + 6*k + 3*k**2 + 13. Suppose 14 = 16*x - 82. Give d(x).
4
Let w(m) = m**2 - 8. Let r be w(-4). Suppose -5*t = 4*h - 13 - r, h - t = -6. Let p(o) = 11*o. Determine p(h).
-11
Let x(k) = 8*k - k**2 - 36*k**3 + 3*k - 8*k**2 + 13 + 35*k**3. What is x(-10)?
3
Suppose -7*z = -2*z - 2*y + 11, -13 = -2*z - 5*y. Let u be 1/(z - (1 - (-22)/(-10))). Let k(v) = v**3 - 6*v**2 + 5*v - 1. Determine k(u).
-1
Let x(v) be the second derivative of v**3/3 + 7*v**2/2 - 3*v. Let s be x(-4). Let h(p) = -4*p**2 - p - 1. Give h(s).
-4
Let n(f) = f + 7. Let l(r) = r**3 - 12*r**2 - 4*r + 39. Let q be l(12). Determine n(q).
-2
Let s(g) be the third derivative of -g**4/24 + g**3/6 - g**2. Let m(d) = -d + 1. Let t(c) = c. Let q(v) = m(v) + 4*t(v). Let x be q(1). Calculate s(x).
-3
Let h(z) be the third derivative of z**6/720 - z**4/6 + 3*z**2. Let s(a) be the second derivative of h(a). What is s(4)?
4
Let s(n) be the first derivative of -1/6*n**3 - 3 + 7/2*n**2 - 10*n. Let h(k) be the first derivative of s(k). What is h(5)?
2
Let c(o) = o - 7 + 3*o**2 + o - 3. Suppose -4*y + 12*y - 16 = 0. Let p(z) = 4*z**2 + z - 11. Let k(t) = y*p(t) - 3*c(t). Give k(-6).
-4
Let z(k) = k**2 - 6*k. Let i(x) = -x**3 + 8*x**2 + 63*x - 7. Let t be i(-5). Calculate z(t).
-9
Let c(h) = 3*h - 8. Let a = -54 + 61. Calculate c(a).
13
Suppose z - 1 = 2*n, 2*n = z - 2*n + 3. Let p(m) = -12*m + z*m - 8 + 6*m. What is p(-5)?
-3
Let w(n) be the first derivative of -n**6/120 - n**5/60 + n**3/2 - 10*n**2 - 7. Let c(m) be the second derivative of w(m). Determine c(0).
3
Let a(n) = 7*n - 4*n - 2 - 2*n**2 - 2*n + 4*n - n. Calculate a(2).
-2
Let k(g) be the third derivative of g**4/24 - 20*g**2. Give k(-3).
-3
Let h(d) = -9*d - 4. Let a(f) = 28*f + 12. Suppose 5 = 5*b, 4*b - b = 3*u - 12. Let k(s) = u*a(s) + 16*h(s). Give k(-3).
8
Let a(j) = j + 4. Suppose -32 = -n - 7. Let r = n - 27. Determine a(r).
2
Let h(y) = -y**2 - 22*y + 85. Let d be h(-25). Let x(q) = 2*q + 8. Let f(t) = -5*t - 24. Let r(g) = -4*f(g) - 11*x(g). Calculate r(d).
-12
Let n be 3 + 2 + (-18)/6. Let r(m) be the third derivative of -1/120*m**6 + 0*m + 1/6*m**3 + 1/20*m**5 + 0 - 2*m**n + 1/6*m**4. Calculate r(4).
1
Suppose 3*b - 37 = -2*z, -3*b - 2*z - 2*z = -29. Let k = -11 + b. Let g(m) = -k*m**3 + 2*m - m - 2*m**2 + 3*m**2 + 5*m**3. Give g(-2).
-6
Let u(f) = 2 + 3*f - 4*f + 0 + 4. Let h be u(6). Suppose -4*n + 2*z = 15 + 5, h = 2*z + 4. Let t(r) = -r**3 - 6*r**2 - 5. Give t(n).
-5
Let w(g) be the third derivative of g**6/120 + g**5/10 + g**4/6 + g**3/2 + 21*g**2 - 1. Give w(-5).
8
Let m(g) = 2*g + 2. Let q be 18/21*9/(135/70). What is m(q)?
10
Suppose -2*w + 13 = -3*c - 6, -4*w = 3*c + 25. Let n(j) be the third derivative of -j**4/24 - 5*j**3/6 + 24*j**2. What is n(c)?
2
Let r(s) = -2*s**3 + 2*s**2 - s. Suppose 6*n - 67 - 29 = 0. Suppose -n = -6*j + 5*j. Suppose 2*g - 6 = 4, 3*z + 2*g = j. What is r(z)?
-10
Let h(r) be the second derivative of -r**5/20 + r**4/2 - r**3/2 + 3*r**2/2 - r. Let o = 1736 - 1730. Give h(o).
-15
Let f(l) = 5*l**3 + 19*l**2 + 8*l + 5. Let d(t) = 9*t**3 + 35*t**2 + 16*t + 11. Let o(m) = -4*d(m) + 7*f(m). Give o(-6).
3
Suppose -3*z = -2*z + 5*l - 6, 3*z = 3*l - 18. Let v = 12 + z. Let i(a) be the second derivative of a**3/6 - 7*a**2 + a + 60. Give i(v).
-6
Let s(y) = -7 + 3*y**2 - 29*y + 7*y + 22*y. Calculate s(0).
-7
Let t(d) = 3*d**3 + 7*d**2 - 7*d - 3. Let a(j) = j**3 + 2*j**2 - 2*j - 1. Let c(l) = -7*a(l) + 2*t(l). Determine c(1).
0
Let k(q) be the second derivative of q**3/3 - 3*q**2/2 + 1096*q. Let y(j) = -j + 4. Let o be y(0). What is k(o)?
5
Suppose 2 = 3*f + 3*q - 13, -5*f + 5*q = 5. Let r = -5 - -32. Let y(o) = 2 - 20*o**2 - o**3 + r*o**f - 7*o + 0. What is y(6)?
-4
Suppose -2*s + 3 + 1 = 0, -a + 5*s - 8 = 0. Let f(q) = -q - a - 2*q + 5*q. What is f(4)?
6
Let d(w) = -w. Let s = -16 - -12. Let g(a) = a**2 + 2*a - 6. Let h(m) = s*d(m) + g(m). Determine h(-7).
1
Let a be (4/1)/(-1) - 2. Let v = -115 - -115. Let o be (0 + v - a)/(-2). Let z(m) = -5*m. Give z(o).
15
Let v be 12/(-27) + (-110)/(-99). Let k(n) be the second derivative of -v*n**3 - 7*n + 0 - n**2. Determine k(2).
-10
Let d = -125 - -53. Let v = d - -77. Let t(u) = -u**3 + 5*u**2 - u + 4. Determine t(v).
-1
Let v be (0 - -5 - 1) + -2. Let x be (-156)/27 + v/(-9). Let g(q) be the third derivative of q**4/24 - 29*q**2 - 1. Calculate g(x).
-6
Let f be 36/28 - 6/21. Let l(n) = 11*n**3 - 2*n**2 + n. Let v be l(f). Let j(k) = k - 4. Determine j(v).
6
Let o